o base 4.
-31303303
Convert -44403 (base 5) to base 13.
-1549
What is -665 (base 11) in base 13?
-494
Convert 22 (base 5) to base 9.
13
What is -1102 (base 5) in base 4?
-2120
13121112 (base 4) to base 12
15646
Convert -101100001 (base 2) to base 4.
-11201
-1022112 (base 3) to base 7
-2540
Convert 236 (base 10) to base 8.
354
10121 (base 10) to base 7
41336
15991 (base 10) to base 7
64423
Convert 37124 (base 8) to base 16.
3e54
What is -22b (base 13) in base 10?
-375
Convert 68611 (base 9) to base 11.
31370
5ab7 (base 15) to base 13
8a25
-389 (base 14) to base 15
-324
Convert 15010 (base 8) to base 14.
2600
What is -5810 (base 12) in base 11?
-7403
What is -14315 (base 8) in base 9?
-8634
1054 (base 8) to base 5
4211
Convert -1012112 (base 3) to base 14.
-46a
-362 (base 7) to base 5
-1231
What is 230220 (base 4) in base 3?
10220210
Convert 13032 (base 4) to base 2.
111001110
What is -24686 (base 9) in base 2?
-100000011011010
What is 1083 (base 14) in base 2?
101100101011
-68c (base 13) to base 16
-46a
-23a (base 13) to base 7
-1062
3c40 (base 14) to base 12
61a8
-6524 (base 16) to base 8
-62444
What is 8155 (base 9) in base 8?
13513
Convert -32231 (base 4) to base 7.
-2513
-15e5 (base 16) to base 9
-7617
10100010011011 (base 2) to base 16
289b
-20bd (base 15) to base 2
-1101100010000
Convert -167 (base 11) to base 8.
-302
What is -825 (base 14) in base 5?
-22401
a09 (base 14) to base 10
1969
110100100 (base 2) to base 7
1140
What is -1346 (base 11) in base 16?
-6d0
Convert 1202132 (base 4) to base 13.
2b3a
What is -2139 (base 13) in base 15?
-1576
3000331 (base 4) to base 10
12349
-4a5 (base 11) to base 6
-2435
What is 434 (base 7) in base 6?
1005
Convert -541b (base 16) to base 15.
-65a6
Convert 10110000111100 (base 2) to base 11.
8565
What is -8d0 (base 14) in base 3?
-2101211
Convert -100110000 (base 2) to base 14.
-17a
What is -22321133 (base 4) in base 13?
-1741a
Convert -23535 (base 6) to base 15.
-1048
Convert b311 (base 12) to base 16.
4bfd
Convert 1122 (base 4) to base 11.
82
What is 189 (base 14) in base 12?
225
Convert -2140 (base 12) to base 13.
-1878
1460 (base 10) to base 14
764
Convert -708 (base 10) to base 7.
-2031
-1018 (base 10) to base 7
-2653
What is 143 (base 9) in base 11?
aa
What is -2001 (base 6) in base 15?
-1dd
What is -3763 (base 9) in base 4?
-223323
What is 345443 (base 6) in base 3?
1111211100
-162 (base 7) to base 14
-69
What is 1040412 (base 5) in base 15?
5607
Convert 26c (base 13) to base 15.
1d8
What is -110012102 (base 3) in base 10?
-8894
111 (base 3) to base 5
23
1b4 (base 14) to base 3
111010
-112f (base 16) to base 4
-1010233
What is 13403 (base 10) in base 15?
3e88
What is -3562 (base 8) in base 4?
-131302
-116c (base 15) to base 8
-7166
What is -1450 (base 6) in base 2?
-110000110
What is -11100211 (base 3) in base 15?
-e21
Convert -92 (base 13) to base 10.
-119
What is -87b2 (base 12) in base 5?
-434331
2699 (base 12) to base 7
15636
7a2 (base 13) to base 2
10100100011
1992 (base 13) to base 10
3837
Convert 1362 (base 9) to base 8.
2004
-1000001101011 (base 2) to base 13
-1bb4
Convert -313000 (base 4) to base 6.
-24144
-561 (base 14) to base 2
-10000101001
What is -62b6 (base 12) in base 7?
-43320
Convert -1010011 (base 3) to base 13.
-4a8
Convert -221112 (base 3) to base 5.
-10224
Convert -22001 (base 5) to base 14.
-793
What is -9ba (base 12) in base 15?
-65d
What is -1280 (base 9) in base 7?
-2544
What is -43200 (base 6) in base 5?
-142104
Convert 592 (base 13) to base 8.
1704
42323 (base 5) to base 14
106a
What is 2b (base 12) in base 13?
29
What is 114542 (base 7) in base 9?
31542
What is -5136 (base 8) in base 9?
-3568
Convert 3100 (base 10) to base 8.
6034
What is -32db (base 16) in base 10?
-13019
Convert 15763 (base 8) to base 13.
3345
What is -10ba (base 15) in base 11?
-2738
Convert 139a (base 11) to base 13.
a89
What is 134511 (base 7) in base 3?
1022011110
What is 22b (base 15) in base 9?
605
What is 275 (base 9) in base 12?
172
What is -11110 (base 3) in base 4?
-1320
Convert -4832 (base 10) to base 6.
-34212
Convert 3142 (base 5) to base 6.
1542
Convert 1168 (base 9) to base 4.
31220
-1abb (base 12) to base 15
-eab
Convert 4150 (base 8) to base 4.
201220
Convert 92d (base 15) to base 13.
c31
Convert -3645 (base 8) to base 11.
-151a
Convert 1abf (base 16) to base 10.
6847
What is -628 (base 10) in base 16?
-274
100111221 (base 3) to base 7
26140
Convert -10220 (base 4) to base 7.
-602
Convert -11050 (base 6) to base 5.
-22132
11644 (base 7) to base 9
4181
Convert 1221023 (base 5) to base 3.
1011220121
-123232 (base 5) to base 14
-1a81
What is -3183 (base 11) in base 6?
-31245
-1312 (base 6) to base 9
-408
What is -742 (base 11) in base 6?
-4045
What is -82 (base 12) in base 7?
-200
413 (base 13) to base 6
3112
What is 101111010110001 (base 2) in base 8?
57261
-2171 (base 11) to base 6
-21125
Convert -3a31 (base 11) to base 7.
-21161
13843 (base 10) to base 14
508b
-334b (base 12) to base 6
-42135
Convert -441 (base 15) to base 5.
-12321
47201 (base 8) to base 13
91bc
Convert -2462 (base 11) to base 14.
-1258
-1757 (base 13) to base 16
-d7c
What is 1404 (base 7) in base 15?
263
What is 1b8b (base 16) in base 8?
15613
Convert -176a (base 12) to base 5.
-42233
What is 1120101202 (base 3) in base 5?
1442113
1769 (base 16) to base 8
13551
Convert 4 (base 10) to base 8.
4
Convert -1cb2 (base 16) to base 14.
-296a
Convert 1014 (base 7) to base 16.
162
Convert -ed6 (base 15) to base 10.
-3351
Convert -8a7 (base 16) to base 14.
-b43
-50a2 (base 12) to base 10
-8762
What is 6061 (base 8) in base 11?
2388
What is -47 (base 8) in base 13?
-30
Convert -451 (base 8) to base 7.
-603
Convert -14302 (base 6) to base 16.
-8de
What is 4990 (base 16) in base 8?
44620
Convert -310233 (base 5) to base 4.
-2131110
What is -21177 (base 12) in base 11?
-2a6a7
Convert a3c (base 14) to base 10.
2014
-184 (base 10) to base 8
-270
What is -b4b (base 14) in base 15?
-9d3
Convert -501 (base 8) to base 15.
-166
What is -136614 (base 7) in base 16?
-6705
-20301 (base 8) to base 15
-2740
What is 11011 (base 3) in base 6?
304
Convert 0 (base 9) to base 12.
0
Convert -240 (base 7) to base 2.
-1111110
What is -4619 (base 10) in base 11?
-351a
What is -53b (base 13) in base 7?
-2416
Convert -1373 (base 11) to base 15.
-7d4
What is -33574 (base 8) in base 16?
-377c
Convert 663 (base 10) to base 12.
473
What is -10011000 (base 2) in base 11?
-129
Convert -213420 (base 5) to base 11.
-5591
Convert 133225 (base 8) to base 12.
23071
-2311 (base 6) to base 3
-202021
What is 3060 (base 13) in base 7?
25305
-3aa (base 14) to base 13
-44a
What is -603 (base 11) in base 13?
-441
What is 11829 (base 10) in base 12?
6a19
What is -1343 (base 6) in base 15?
-186
1355 (base 7) to base 5
4110
Convert -330 (base 14) to base 4.
-21312
-66664 (base 7) to base 4
-10012210
Convert -10011001 (base 3) to base 12.
-13b4
Convert c2b (base 13) to base 12.
1241
Convert 135351 (base 7) to base 8.
62464
Convert -d6c2 (base 14) to base 12.
-1950a
What is -11100101001001 (base 2) in base 6?
-151521
What is 1a826 (base 12) in base 14?
103dc
What is -221023 (base 4) in base 12?
-1637
Convert 34757 (base 10) to base 15.
a472
1206 (base 7) to base 14
23d
Convert 77b (base 12) to base 14.
58b
Convert 24e (base 15) to base 14.
296
What is -57 (base 11) in base 7?
-116
-49 (base 14) to base 15
-45
Convert 2001010 (base 3) to base 5.
21423
ea (base 15) to base 14
11a
Convert -4888 (base 12) to base 3.
-102012112
6565 (base 8) to base 11
2652
Convert 1234 (base 8) to base 15.
2e8
12471 (base 13) to base 10
33723
Convert -12aab (base 15) to base 11.
-40a11
11525 (base 11) to base 3
211202222
-31033013 (base 4) to base 14
-15a87
Convert 12133 (base 6) to base 7.
5130
What is 14505 (base 7) in base 15?
12d3
Convert -5b7 (base 15) to base 13.
-78a
What is 1275 (base 8) in base 7?
2021
Convert -b087 (base 14) to base 16.
-765f
-1010110100 (base 2) to base 14
-376
What is -134331 (base 5) in base 14?
-2075
Convert -12712 (base 11) to base 15.
-55ad
What is -4599 (base 10) in base 14?
-1967
-26234 (base 10) to base 14
-97bc
What is -314024 (base 5) in base 11?
-7999
What is 2506 (base 11) in base 2?
110011001001
Convert 75446 (base 9) to base 12.
24a96
What is -26